{"id":834,"date":"2019-05-15T11:06:39","date_gmt":"2019-05-15T09:06:39","guid":{"rendered":"http:\/\/www.accion-habitat.org\/project\/7-adresfem\/"},"modified":"2019-05-15T11:06:39","modified_gmt":"2019-05-15T09:06:39","slug":"7-adresfem","status":"publish","type":"dt_portfolio","link":"https:\/\/www.accion-habitat.org\/ht\/project\/7-adresfem\/","title":{"rendered":"7-ADRESFEM"},"content":{"rendered":"","protected":false},"excerpt":{"rendered":"","protected":false},"author":1,"featured_media":563,"comment_status":"closed","ping_status":"closed","template":"","dt_portfolio_category":[23],"dt_portfolio_tags":[],"yoast_head":"<!-- This site is optimized with the Yoast SEO plugin v17.5 - https:\/\/yoast.com\/wordpress\/plugins\/seo\/ -->\n<title>7-ADRESFEM - Action pour l&#039;habitat | Acci\u00f3n por el h\u00e1bitat<\/title>\n<meta name=\"robots\" content=\"index, follow, max-snippet:-1, max-image-preview:large, max-video-preview:-1\" \/>\n<link rel=\"canonical\" href=\"https:\/\/www.accion-habitat.org\/ht\/project\/7-adresfem\/\" \/>\n<meta property=\"og:locale\" content=\"ht_HT\" \/>\n<meta property=\"og:type\" content=\"article\" \/>\n<meta property=\"og:title\" content=\"7-ADRESFEM - Action pour l&#039;habitat | Acci\u00f3n por el h\u00e1bitat\" \/>\n<meta property=\"og:url\" content=\"https:\/\/www.accion-habitat.org\/ht\/project\/7-adresfem\/\" \/>\n<meta property=\"og:site_name\" content=\"Action pour l&#039;habitat | Acci\u00f3n por el h\u00e1bitat\" \/>\n<meta property=\"og:image\" content=\"http:\/\/www.accion-habitat.org\/wp-content\/uploads\/2019\/05\/logo-ADRESFEM-couleur.jpg\" \/>\n\t<meta property=\"og:image:width\" content=\"183\" \/>\n\t<meta property=\"og:image:height\" content=\"200\" \/>\n<meta name=\"twitter:card\" content=\"summary_large_image\" \/>\n<script type=\"application\/ld+json\" class=\"yoast-schema-graph\">{\"@context\":\"https:\/\/schema.org\",\"@graph\":[{\"@type\":\"WebSite\",\"@id\":\"https:\/\/www.accion-habitat.org\/es\/#website\",\"url\":\"https:\/\/www.accion-habitat.org\/es\/\",\"name\":\"Action pour l&#039;habitat | Acci\\u00f3n por el h\\u00e1bitat\",\"description\":\"intercambiar para cambiar | \\u00e9changer pour changer\",\"potentialAction\":[{\"@type\":\"SearchAction\",\"target\":{\"@type\":\"EntryPoint\",\"urlTemplate\":\"https:\/\/www.accion-habitat.org\/es\/?s={search_term_string}\"},\"query-input\":\"required name=search_term_string\"}],\"inLanguage\":\"ht-HT\"},{\"@type\":\"ImageObject\",\"@id\":\"https:\/\/www.accion-habitat.org\/ht\/project\/7-adresfem\/#primaryimage\",\"inLanguage\":\"ht-HT\",\"url\":\"https:\/\/www.accion-habitat.org\/wp-content\/uploads\/2019\/05\/logo-ADRESFEM-couleur.jpg\",\"contentUrl\":\"https:\/\/www.accion-habitat.org\/wp-content\/uploads\/2019\/05\/logo-ADRESFEM-couleur.jpg\",\"width\":183,\"height\":200},{\"@type\":\"WebPage\",\"@id\":\"https:\/\/www.accion-habitat.org\/ht\/project\/7-adresfem\/#webpage\",\"url\":\"https:\/\/www.accion-habitat.org\/ht\/project\/7-adresfem\/\",\"name\":\"7-ADRESFEM - Action pour l&#039;habitat | Acci\\u00f3n por el h\\u00e1bitat\",\"isPartOf\":{\"@id\":\"https:\/\/www.accion-habitat.org\/es\/#website\"},\"primaryImageOfPage\":{\"@id\":\"https:\/\/www.accion-habitat.org\/ht\/project\/7-adresfem\/#primaryimage\"},\"datePublished\":\"2019-05-15T09:06:39+00:00\",\"dateModified\":\"2019-05-15T09:06:39+00:00\",\"breadcrumb\":{\"@id\":\"https:\/\/www.accion-habitat.org\/ht\/project\/7-adresfem\/#breadcrumb\"},\"inLanguage\":\"ht-HT\",\"potentialAction\":[{\"@type\":\"ReadAction\",\"target\":[\"https:\/\/www.accion-habitat.org\/ht\/project\/7-adresfem\/\"]}]},{\"@type\":\"BreadcrumbList\",\"@id\":\"https:\/\/www.accion-habitat.org\/ht\/project\/7-adresfem\/#breadcrumb\",\"itemListElement\":[{\"@type\":\"ListItem\",\"position\":1,\"name\":\"Accueil\",\"item\":\"http:\/\/www.accion-habitat.org\/ht\/\"},{\"@type\":\"ListItem\",\"position\":2,\"name\":\"Portfolio\",\"item\":\"https:\/\/www.accion-habitat.org\/ht\/project\/\"},{\"@type\":\"ListItem\",\"position\":3,\"name\":\"7-ADRESFEM\"}]}]}<\/script>\n<!-- \/ Yoast SEO plugin. -->","yoast_head_json":{"title":"7-ADRESFEM - Action pour l&#039;habitat | Acci\u00f3n por el h\u00e1bitat","robots":{"index":"index","follow":"follow","max-snippet":"max-snippet:-1","max-image-preview":"max-image-preview:large","max-video-preview":"max-video-preview:-1"},"canonical":"https:\/\/www.accion-habitat.org\/ht\/project\/7-adresfem\/","og_locale":"ht_HT","og_type":"article","og_title":"7-ADRESFEM - Action pour l&#039;habitat | Acci\u00f3n por el h\u00e1bitat","og_url":"https:\/\/www.accion-habitat.org\/ht\/project\/7-adresfem\/","og_site_name":"Action pour l&#039;habitat | Acci\u00f3n por el h\u00e1bitat","og_image":[{"width":183,"height":200,"url":"http:\/\/www.accion-habitat.org\/wp-content\/uploads\/2019\/05\/logo-ADRESFEM-couleur.jpg","type":"image\/jpeg"}],"twitter_card":"summary_large_image","schema":{"@context":"https:\/\/schema.org","@graph":[{"@type":"WebSite","@id":"https:\/\/www.accion-habitat.org\/es\/#website","url":"https:\/\/www.accion-habitat.org\/es\/","name":"Action pour l&#039;habitat | Acci\u00f3n por el h\u00e1bitat","description":"intercambiar para cambiar | \u00e9changer pour changer","potentialAction":[{"@type":"SearchAction","target":{"@type":"EntryPoint","urlTemplate":"https:\/\/www.accion-habitat.org\/es\/?s={search_term_string}"},"query-input":"required name=search_term_string"}],"inLanguage":"ht-HT"},{"@type":"ImageObject","@id":"https:\/\/www.accion-habitat.org\/ht\/project\/7-adresfem\/#primaryimage","inLanguage":"ht-HT","url":"https:\/\/www.accion-habitat.org\/wp-content\/uploads\/2019\/05\/logo-ADRESFEM-couleur.jpg","contentUrl":"https:\/\/www.accion-habitat.org\/wp-content\/uploads\/2019\/05\/logo-ADRESFEM-couleur.jpg","width":183,"height":200},{"@type":"WebPage","@id":"https:\/\/www.accion-habitat.org\/ht\/project\/7-adresfem\/#webpage","url":"https:\/\/www.accion-habitat.org\/ht\/project\/7-adresfem\/","name":"7-ADRESFEM - Action pour l&#039;habitat | Acci\u00f3n por el h\u00e1bitat","isPartOf":{"@id":"https:\/\/www.accion-habitat.org\/es\/#website"},"primaryImageOfPage":{"@id":"https:\/\/www.accion-habitat.org\/ht\/project\/7-adresfem\/#primaryimage"},"datePublished":"2019-05-15T09:06:39+00:00","dateModified":"2019-05-15T09:06:39+00:00","breadcrumb":{"@id":"https:\/\/www.accion-habitat.org\/ht\/project\/7-adresfem\/#breadcrumb"},"inLanguage":"ht-HT","potentialAction":[{"@type":"ReadAction","target":["https:\/\/www.accion-habitat.org\/ht\/project\/7-adresfem\/"]}]},{"@type":"BreadcrumbList","@id":"https:\/\/www.accion-habitat.org\/ht\/project\/7-adresfem\/#breadcrumb","itemListElement":[{"@type":"ListItem","position":1,"name":"Accueil","item":"http:\/\/www.accion-habitat.org\/ht\/"},{"@type":"ListItem","position":2,"name":"Portfolio","item":"https:\/\/www.accion-habitat.org\/ht\/project\/"},{"@type":"ListItem","position":3,"name":"7-ADRESFEM"}]}]}},"_links":{"self":[{"href":"https:\/\/www.accion-habitat.org\/ht\/wp-json\/wp\/v2\/dt_portfolio\/834"}],"collection":[{"href":"https:\/\/www.accion-habitat.org\/ht\/wp-json\/wp\/v2\/dt_portfolio"}],"about":[{"href":"https:\/\/www.accion-habitat.org\/ht\/wp-json\/wp\/v2\/types\/dt_portfolio"}],"author":[{"embeddable":true,"href":"https:\/\/www.accion-habitat.org\/ht\/wp-json\/wp\/v2\/users\/1"}],"replies":[{"embeddable":true,"href":"https:\/\/www.accion-habitat.org\/ht\/wp-json\/wp\/v2\/comments?post=834"}],"version-history":[{"count":0,"href":"https:\/\/www.accion-habitat.org\/ht\/wp-json\/wp\/v2\/dt_portfolio\/834\/revisions"}],"wp:featuredmedia":[{"embeddable":true,"href":"https:\/\/www.accion-habitat.org\/ht\/wp-json\/wp\/v2\/media\/563"}],"wp:attachment":[{"href":"https:\/\/www.accion-habitat.org\/ht\/wp-json\/wp\/v2\/media?parent=834"}],"wp:term":[{"taxonomy":"dt_portfolio_category","embeddable":true,"href":"https:\/\/www.accion-habitat.org\/ht\/wp-json\/wp\/v2\/dt_portfolio_category?post=834"},{"taxonomy":"dt_portfolio_tags","embeddable":true,"href":"https:\/\/www.accion-habitat.org\/ht\/wp-json\/wp\/v2\/dt_portfolio_tags?post=834"}],"curies":[{"name":"wp","href":"https:\/\/api.w.org\/{rel}","templated":true}]}}

<!-- This site is optimized with the Yoast SEO plugin v17.5 - https://yoast.com/wordpress/plugins/seo/ -->
<title>7-ADRESFEM - Action pour l&#039;habitat | Acción por el hábitat</title>
<meta name="robots" content="index, follow, max-snippet:-1, max-image-preview:large, max-video-preview:-1" />
<link rel="canonical" href="https://www.accion-habitat.org/ht/project/7-adresfem/" />
<meta property="og:locale" content="ht_HT" />
<meta property="og:type" content="article" />
<meta property="og:title" content="7-ADRESFEM - Action pour l&#039;habitat | Acción por el hábitat" />
<meta property="og:url" content="https://www.accion-habitat.org/ht/project/7-adresfem/" />
<meta property="og:site_name" content="Action pour l&#039;habitat | Acción por el hábitat" />
<meta property="og:image" content="http://www.accion-habitat.org/wp-content/uploads/2019/05/logo-ADRESFEM-couleur.jpg" />
	<meta property="og:image:width" content="183" />
	<meta property="og:image:height" content="200" />
<meta name="twitter:card" content="summary_large_image" />
<script type="application/ld+json" class="yoast-schema-graph">{"@context":"https://schema.org","@graph":[{"@type":"WebSite","@id":"https://www.accion-habitat.org/es/#website","url":"https://www.accion-habitat.org/es/","name":"Action pour l&#039;habitat | Acci\u00f3n por el h\u00e1bitat","description":"intercambiar para cambiar | \u00e9changer pour changer","potentialAction":[{"@type":"SearchAction","target":{"@type":"EntryPoint","urlTemplate":"https://www.accion-habitat.org/es/?s={search_term_string}"},"query-input":"required name=search_term_string"}],"inLanguage":"ht-HT"},{"@type":"ImageObject","@id":"https://www.accion-habitat.org/ht/project/7-adresfem/#primaryimage","inLanguage":"ht-HT","url":"https://www.accion-habitat.org/wp-content/uploads/2019/05/logo-ADRESFEM-couleur.jpg","contentUrl":"https://www.accion-habitat.org/wp-content/uploads/2019/05/logo-ADRESFEM-couleur.jpg","width":183,"height":200},{"@type":"WebPage","@id":"https://www.accion-habitat.org/ht/project/7-adresfem/#webpage","url":"https://www.accion-habitat.org/ht/project/7-adresfem/","name":"7-ADRESFEM - Action pour l&#039;habitat | Acci\u00f3n por el h\u00e1bitat","isPartOf":{"@id":"https://www.accion-habitat.org/es/#website"},"primaryImageOfPage":{"@id":"https://www.accion-habitat.org/ht/project/7-adresfem/#primaryimage"},"datePublished":"2019-05-15T09:06:39+00:00","dateModified":"2019-05-15T09:06:39+00:00","breadcrumb":{"@id":"https://www.accion-habitat.org/ht/project/7-adresfem/#breadcrumb"},"inLanguage":"ht-HT","potentialAction":[{"@type":"ReadAction","target":["https://www.accion-habitat.org/ht/project/7-adresfem/"]}]},{"@type":"BreadcrumbList","@id":"https://www.accion-habitat.org/ht/project/7-adresfem/#breadcrumb","itemListElement":[{"@type":"ListItem","position":1,"name":"Accueil","item":"http://www.accion-habitat.org/ht/"},{"@type":"ListItem","position":2,"name":"Portfolio","item":"https://www.accion-habitat.org/ht/project/"},{"@type":"ListItem","position":3,"name":"7-ADRESFEM"}]}]}</script>
<!-- / Yoast SEO plugin. -->

7-ADRESFEM - Action pour l&#039;habitat | Acción por el hábitat

Action pour l&#039;habitat | Acción por el hábitat

intercambiar para cambiar | échanger pour changer
