{"id":215,"date":"2019-05-15T11:01:07","date_gmt":"2019-05-15T09:01:07","guid":{"rendered":"http:\/\/www.accion-habitat.org\/project\/3-fondation-abbe-pierre\/"},"modified":"2025-04-10T13:05:31","modified_gmt":"2025-04-10T11:05:31","slug":"3-fondation-abbe-pierre","status":"publish","type":"dt_portfolio","link":"https:\/\/www.accion-habitat.org\/es\/project\/3-fondation-abbe-pierre\/","title":{"rendered":"3-Fondation pour le logement"},"content":{"rendered":"","protected":false},"excerpt":{"rendered":"","protected":false},"author":1,"featured_media":1940,"comment_status":"closed","ping_status":"closed","template":"","dt_portfolio_category":[11],"dt_portfolio_tags":[],"yoast_head":"<!-- This site is optimized with the Yoast SEO plugin v17.5 - https:\/\/yoast.com\/wordpress\/plugins\/seo\/ -->\n<title>3-Fondation pour le logement - Action pour l&#039;habitat | Acci\u00f3n por el h\u00e1bitat<\/title>\n<meta name=\"robots\" content=\"index, follow, max-snippet:-1, max-image-preview:large, max-video-preview:-1\" \/>\n<link rel=\"canonical\" href=\"https:\/\/www.accion-habitat.org\/es\/project\/3-fondation-abbe-pierre\/\" \/>\n<meta property=\"og:locale\" content=\"es_ES\" \/>\n<meta property=\"og:type\" content=\"article\" \/>\n<meta property=\"og:title\" content=\"3-Fondation pour le logement - Action pour l&#039;habitat | Acci\u00f3n por el h\u00e1bitat\" \/>\n<meta property=\"og:url\" content=\"https:\/\/www.accion-habitat.org\/es\/project\/3-fondation-abbe-pierre\/\" \/>\n<meta property=\"og:site_name\" content=\"Action pour l&#039;habitat | Acci\u00f3n por el h\u00e1bitat\" \/>\n<meta property=\"article:modified_time\" content=\"2025-04-10T11:05:31+00:00\" \/>\n<meta property=\"og:image\" content=\"http:\/\/www.accion-habitat.org\/wp-content\/uploads\/2019\/05\/LOGO-FONDATION-POUR-LE-LOGEMENT-Q.png\" \/>\n\t<meta property=\"og:image:width\" content=\"1915\" \/>\n\t<meta property=\"og:image:height\" content=\"1424\" \/>\n<meta name=\"twitter:card\" content=\"summary_large_image\" \/>\n<script type=\"application\/ld+json\" class=\"yoast-schema-graph\">{\"@context\":\"https:\/\/schema.org\",\"@graph\":[{\"@type\":\"WebSite\",\"@id\":\"http:\/\/www.accion-habitat.org\/ht\/#website\",\"url\":\"http:\/\/www.accion-habitat.org\/ht\/\",\"name\":\"Action pour l&#039;habitat | Acci\\u00f3n por el h\\u00e1bitat\",\"description\":\"intercambiar para cambiar | \\u00e9changer pour changer\",\"potentialAction\":[{\"@type\":\"SearchAction\",\"target\":{\"@type\":\"EntryPoint\",\"urlTemplate\":\"http:\/\/www.accion-habitat.org\/ht\/?s={search_term_string}\"},\"query-input\":\"required name=search_term_string\"}],\"inLanguage\":\"es\"},{\"@type\":\"ImageObject\",\"@id\":\"https:\/\/www.accion-habitat.org\/es\/project\/3-fondation-abbe-pierre\/#primaryimage\",\"inLanguage\":\"es\",\"url\":\"https:\/\/www.accion-habitat.org\/wp-content\/uploads\/2019\/05\/LOGO-FONDATION-POUR-LE-LOGEMENT-Q.png\",\"contentUrl\":\"https:\/\/www.accion-habitat.org\/wp-content\/uploads\/2019\/05\/LOGO-FONDATION-POUR-LE-LOGEMENT-Q.png\",\"width\":1915,\"height\":1424},{\"@type\":\"WebPage\",\"@id\":\"https:\/\/www.accion-habitat.org\/es\/project\/3-fondation-abbe-pierre\/#webpage\",\"url\":\"https:\/\/www.accion-habitat.org\/es\/project\/3-fondation-abbe-pierre\/\",\"name\":\"3-Fondation pour le logement - Action pour l&#039;habitat | Acci\\u00f3n por el h\\u00e1bitat\",\"isPartOf\":{\"@id\":\"http:\/\/www.accion-habitat.org\/ht\/#website\"},\"primaryImageOfPage\":{\"@id\":\"https:\/\/www.accion-habitat.org\/es\/project\/3-fondation-abbe-pierre\/#primaryimage\"},\"datePublished\":\"2019-05-15T09:01:07+00:00\",\"dateModified\":\"2025-04-10T11:05:31+00:00\",\"breadcrumb\":{\"@id\":\"https:\/\/www.accion-habitat.org\/es\/project\/3-fondation-abbe-pierre\/#breadcrumb\"},\"inLanguage\":\"es\",\"potentialAction\":[{\"@type\":\"ReadAction\",\"target\":[\"https:\/\/www.accion-habitat.org\/es\/project\/3-fondation-abbe-pierre\/\"]}]},{\"@type\":\"BreadcrumbList\",\"@id\":\"https:\/\/www.accion-habitat.org\/es\/project\/3-fondation-abbe-pierre\/#breadcrumb\",\"itemListElement\":[{\"@type\":\"ListItem\",\"position\":1,\"name\":\"Accueil\",\"item\":\"http:\/\/www.accion-habitat.org\/es\/\"},{\"@type\":\"ListItem\",\"position\":2,\"name\":\"Portafolio\",\"item\":\"https:\/\/www.accion-habitat.org\/es\/project\/\"},{\"@type\":\"ListItem\",\"position\":3,\"name\":\"3-Fondation pour le logement\"}]}]}<\/script>\n<!-- \/ Yoast SEO plugin. -->","yoast_head_json":{"title":"3-Fondation pour le logement - Action pour l&#039;habitat | Acci\u00f3n por el h\u00e1bitat","robots":{"index":"index","follow":"follow","max-snippet":"max-snippet:-1","max-image-preview":"max-image-preview:large","max-video-preview":"max-video-preview:-1"},"canonical":"https:\/\/www.accion-habitat.org\/es\/project\/3-fondation-abbe-pierre\/","og_locale":"es_ES","og_type":"article","og_title":"3-Fondation pour le logement - Action pour l&#039;habitat | Acci\u00f3n por el h\u00e1bitat","og_url":"https:\/\/www.accion-habitat.org\/es\/project\/3-fondation-abbe-pierre\/","og_site_name":"Action pour l&#039;habitat | Acci\u00f3n por el h\u00e1bitat","article_modified_time":"2025-04-10T11:05:31+00:00","og_image":[{"width":1915,"height":1424,"url":"http:\/\/www.accion-habitat.org\/wp-content\/uploads\/2019\/05\/LOGO-FONDATION-POUR-LE-LOGEMENT-Q.png","type":"image\/png"}],"twitter_card":"summary_large_image","schema":{"@context":"https:\/\/schema.org","@graph":[{"@type":"WebSite","@id":"http:\/\/www.accion-habitat.org\/ht\/#website","url":"http:\/\/www.accion-habitat.org\/ht\/","name":"Action pour l&#039;habitat | Acci\u00f3n por el h\u00e1bitat","description":"intercambiar para cambiar | \u00e9changer pour changer","potentialAction":[{"@type":"SearchAction","target":{"@type":"EntryPoint","urlTemplate":"http:\/\/www.accion-habitat.org\/ht\/?s={search_term_string}"},"query-input":"required name=search_term_string"}],"inLanguage":"es"},{"@type":"ImageObject","@id":"https:\/\/www.accion-habitat.org\/es\/project\/3-fondation-abbe-pierre\/#primaryimage","inLanguage":"es","url":"https:\/\/www.accion-habitat.org\/wp-content\/uploads\/2019\/05\/LOGO-FONDATION-POUR-LE-LOGEMENT-Q.png","contentUrl":"https:\/\/www.accion-habitat.org\/wp-content\/uploads\/2019\/05\/LOGO-FONDATION-POUR-LE-LOGEMENT-Q.png","width":1915,"height":1424},{"@type":"WebPage","@id":"https:\/\/www.accion-habitat.org\/es\/project\/3-fondation-abbe-pierre\/#webpage","url":"https:\/\/www.accion-habitat.org\/es\/project\/3-fondation-abbe-pierre\/","name":"3-Fondation pour le logement - Action pour l&#039;habitat | Acci\u00f3n por el h\u00e1bitat","isPartOf":{"@id":"http:\/\/www.accion-habitat.org\/ht\/#website"},"primaryImageOfPage":{"@id":"https:\/\/www.accion-habitat.org\/es\/project\/3-fondation-abbe-pierre\/#primaryimage"},"datePublished":"2019-05-15T09:01:07+00:00","dateModified":"2025-04-10T11:05:31+00:00","breadcrumb":{"@id":"https:\/\/www.accion-habitat.org\/es\/project\/3-fondation-abbe-pierre\/#breadcrumb"},"inLanguage":"es","potentialAction":[{"@type":"ReadAction","target":["https:\/\/www.accion-habitat.org\/es\/project\/3-fondation-abbe-pierre\/"]}]},{"@type":"BreadcrumbList","@id":"https:\/\/www.accion-habitat.org\/es\/project\/3-fondation-abbe-pierre\/#breadcrumb","itemListElement":[{"@type":"ListItem","position":1,"name":"Accueil","item":"http:\/\/www.accion-habitat.org\/es\/"},{"@type":"ListItem","position":2,"name":"Portafolio","item":"https:\/\/www.accion-habitat.org\/es\/project\/"},{"@type":"ListItem","position":3,"name":"3-Fondation pour le logement"}]}]}},"_links":{"self":[{"href":"https:\/\/www.accion-habitat.org\/es\/wp-json\/wp\/v2\/dt_portfolio\/215"}],"collection":[{"href":"https:\/\/www.accion-habitat.org\/es\/wp-json\/wp\/v2\/dt_portfolio"}],"about":[{"href":"https:\/\/www.accion-habitat.org\/es\/wp-json\/wp\/v2\/types\/dt_portfolio"}],"author":[{"embeddable":true,"href":"https:\/\/www.accion-habitat.org\/es\/wp-json\/wp\/v2\/users\/1"}],"replies":[{"embeddable":true,"href":"https:\/\/www.accion-habitat.org\/es\/wp-json\/wp\/v2\/comments?post=215"}],"version-history":[{"count":2,"href":"https:\/\/www.accion-habitat.org\/es\/wp-json\/wp\/v2\/dt_portfolio\/215\/revisions"}],"predecessor-version":[{"id":1944,"href":"https:\/\/www.accion-habitat.org\/es\/wp-json\/wp\/v2\/dt_portfolio\/215\/revisions\/1944"}],"wp:featuredmedia":[{"embeddable":true,"href":"https:\/\/www.accion-habitat.org\/es\/wp-json\/wp\/v2\/media\/1940"}],"wp:attachment":[{"href":"https:\/\/www.accion-habitat.org\/es\/wp-json\/wp\/v2\/media?parent=215"}],"wp:term":[{"taxonomy":"dt_portfolio_category","embeddable":true,"href":"https:\/\/www.accion-habitat.org\/es\/wp-json\/wp\/v2\/dt_portfolio_category?post=215"},{"taxonomy":"dt_portfolio_tags","embeddable":true,"href":"https:\/\/www.accion-habitat.org\/es\/wp-json\/wp\/v2\/dt_portfolio_tags?post=215"}],"curies":[{"name":"wp","href":"https:\/\/api.w.org\/{rel}","templated":true}]}}

<!-- This site is optimized with the Yoast SEO plugin v17.5 - https://yoast.com/wordpress/plugins/seo/ -->
<title>3-Fondation pour le logement - Action pour l&#039;habitat | Acción por el hábitat</title>
<meta name="robots" content="index, follow, max-snippet:-1, max-image-preview:large, max-video-preview:-1" />
<link rel="canonical" href="https://www.accion-habitat.org/es/project/3-fondation-abbe-pierre/" />
<meta property="og:locale" content="es_ES" />
<meta property="og:type" content="article" />
<meta property="og:title" content="3-Fondation pour le logement - Action pour l&#039;habitat | Acción por el hábitat" />
<meta property="og:url" content="https://www.accion-habitat.org/es/project/3-fondation-abbe-pierre/" />
<meta property="og:site_name" content="Action pour l&#039;habitat | Acción por el hábitat" />
<meta property="article:modified_time" content="2025-04-10T11:05:31+00:00" />
<meta property="og:image" content="http://www.accion-habitat.org/wp-content/uploads/2019/05/LOGO-FONDATION-POUR-LE-LOGEMENT-Q.png" />
	<meta property="og:image:width" content="1915" />
	<meta property="og:image:height" content="1424" />
<meta name="twitter:card" content="summary_large_image" />
<script type="application/ld+json" class="yoast-schema-graph">{"@context":"https://schema.org","@graph":[{"@type":"WebSite","@id":"http://www.accion-habitat.org/ht/#website","url":"http://www.accion-habitat.org/ht/","name":"Action pour l&#039;habitat | Acci\u00f3n por el h\u00e1bitat","description":"intercambiar para cambiar | \u00e9changer pour changer","potentialAction":[{"@type":"SearchAction","target":{"@type":"EntryPoint","urlTemplate":"http://www.accion-habitat.org/ht/?s={search_term_string}"},"query-input":"required name=search_term_string"}],"inLanguage":"es"},{"@type":"ImageObject","@id":"https://www.accion-habitat.org/es/project/3-fondation-abbe-pierre/#primaryimage","inLanguage":"es","url":"https://www.accion-habitat.org/wp-content/uploads/2019/05/LOGO-FONDATION-POUR-LE-LOGEMENT-Q.png","contentUrl":"https://www.accion-habitat.org/wp-content/uploads/2019/05/LOGO-FONDATION-POUR-LE-LOGEMENT-Q.png","width":1915,"height":1424},{"@type":"WebPage","@id":"https://www.accion-habitat.org/es/project/3-fondation-abbe-pierre/#webpage","url":"https://www.accion-habitat.org/es/project/3-fondation-abbe-pierre/","name":"3-Fondation pour le logement - Action pour l&#039;habitat | Acci\u00f3n por el h\u00e1bitat","isPartOf":{"@id":"http://www.accion-habitat.org/ht/#website"},"primaryImageOfPage":{"@id":"https://www.accion-habitat.org/es/project/3-fondation-abbe-pierre/#primaryimage"},"datePublished":"2019-05-15T09:01:07+00:00","dateModified":"2025-04-10T11:05:31+00:00","breadcrumb":{"@id":"https://www.accion-habitat.org/es/project/3-fondation-abbe-pierre/#breadcrumb"},"inLanguage":"es","potentialAction":[{"@type":"ReadAction","target":["https://www.accion-habitat.org/es/project/3-fondation-abbe-pierre/"]}]},{"@type":"BreadcrumbList","@id":"https://www.accion-habitat.org/es/project/3-fondation-abbe-pierre/#breadcrumb","itemListElement":[{"@type":"ListItem","position":1,"name":"Accueil","item":"http://www.accion-habitat.org/es/"},{"@type":"ListItem","position":2,"name":"Portafolio","item":"https://www.accion-habitat.org/es/project/"},{"@type":"ListItem","position":3,"name":"3-Fondation pour le logement"}]}]}</script>
<!-- / Yoast SEO plugin. -->

3-Fondation pour le logement - Action pour l&#039;habitat | Acción por el hábitat

Action pour l&#039;habitat | Acción por el hábitat

intercambiar para cambiar | échanger pour changer
