{"id":838,"date":"2019-05-15T10:58:57","date_gmt":"2019-05-15T08:58:57","guid":{"rendered":"http:\/\/www.accion-habitat.org\/project\/2-fundasal\/"},"modified":"2019-05-15T10:58:57","modified_gmt":"2019-05-15T08:58:57","slug":"2-fundasal","status":"publish","type":"dt_portfolio","link":"http:\/\/www.accion-habitat.org\/ht\/project\/2-fundasal\/","title":{"rendered":"2-Fundasal"},"content":{"rendered":"","protected":false},"excerpt":{"rendered":"","protected":false},"author":1,"featured_media":569,"comment_status":"closed","ping_status":"closed","template":"","dt_portfolio_category":[23],"dt_portfolio_tags":[],"yoast_head":"<!-- This site is optimized with the Yoast SEO plugin v17.5 - https:\/\/yoast.com\/wordpress\/plugins\/seo\/ -->\n<title>2-Fundasal - Action pour l&#039;habitat | Acci\u00f3n por el h\u00e1bitat<\/title>\n<meta name=\"robots\" content=\"index, follow, max-snippet:-1, max-image-preview:large, max-video-preview:-1\" \/>\n<link rel=\"canonical\" href=\"http:\/\/www.accion-habitat.org\/ht\/project\/2-fundasal\/\" \/>\n<meta property=\"og:locale\" content=\"ht_HT\" \/>\n<meta property=\"og:type\" content=\"article\" \/>\n<meta property=\"og:title\" content=\"2-Fundasal - Action pour l&#039;habitat | Acci\u00f3n por el h\u00e1bitat\" \/>\n<meta property=\"og:url\" content=\"http:\/\/www.accion-habitat.org\/ht\/project\/2-fundasal\/\" \/>\n<meta property=\"og:site_name\" content=\"Action pour l&#039;habitat | Acci\u00f3n por el h\u00e1bitat\" \/>\n<meta property=\"og:image\" content=\"http:\/\/www.accion-habitat.org\/wp-content\/uploads\/2019\/05\/Logo-Fundasal.jpg\" \/>\n\t<meta property=\"og:image:width\" content=\"205\" \/>\n\t<meta property=\"og:image:height\" content=\"200\" \/>\n<meta name=\"twitter:card\" content=\"summary_large_image\" \/>\n<script type=\"application\/ld+json\" class=\"yoast-schema-graph\">{\"@context\":\"https:\/\/schema.org\",\"@graph\":[{\"@type\":\"WebSite\",\"@id\":\"http:\/\/www.accion-habitat.org\/ht\/#website\",\"url\":\"http:\/\/www.accion-habitat.org\/ht\/\",\"name\":\"Action pour l&#039;habitat | Acci\\u00f3n por el h\\u00e1bitat\",\"description\":\"intercambiar para cambiar | \\u00e9changer pour changer\",\"potentialAction\":[{\"@type\":\"SearchAction\",\"target\":{\"@type\":\"EntryPoint\",\"urlTemplate\":\"http:\/\/www.accion-habitat.org\/ht\/?s={search_term_string}\"},\"query-input\":\"required name=search_term_string\"}],\"inLanguage\":\"ht-HT\"},{\"@type\":\"ImageObject\",\"@id\":\"http:\/\/www.accion-habitat.org\/ht\/project\/2-fundasal\/#primaryimage\",\"inLanguage\":\"ht-HT\",\"url\":\"http:\/\/www.accion-habitat.org\/wp-content\/uploads\/2019\/05\/Logo-Fundasal.jpg\",\"contentUrl\":\"http:\/\/www.accion-habitat.org\/wp-content\/uploads\/2019\/05\/Logo-Fundasal.jpg\",\"width\":205,\"height\":200},{\"@type\":\"WebPage\",\"@id\":\"http:\/\/www.accion-habitat.org\/ht\/project\/2-fundasal\/#webpage\",\"url\":\"http:\/\/www.accion-habitat.org\/ht\/project\/2-fundasal\/\",\"name\":\"2-Fundasal - Action pour l&#039;habitat | Acci\\u00f3n por el h\\u00e1bitat\",\"isPartOf\":{\"@id\":\"http:\/\/www.accion-habitat.org\/ht\/#website\"},\"primaryImageOfPage\":{\"@id\":\"http:\/\/www.accion-habitat.org\/ht\/project\/2-fundasal\/#primaryimage\"},\"datePublished\":\"2019-05-15T08:58:57+00:00\",\"dateModified\":\"2019-05-15T08:58:57+00:00\",\"breadcrumb\":{\"@id\":\"http:\/\/www.accion-habitat.org\/ht\/project\/2-fundasal\/#breadcrumb\"},\"inLanguage\":\"ht-HT\",\"potentialAction\":[{\"@type\":\"ReadAction\",\"target\":[\"http:\/\/www.accion-habitat.org\/ht\/project\/2-fundasal\/\"]}]},{\"@type\":\"BreadcrumbList\",\"@id\":\"http:\/\/www.accion-habitat.org\/ht\/project\/2-fundasal\/#breadcrumb\",\"itemListElement\":[{\"@type\":\"ListItem\",\"position\":1,\"name\":\"Accueil\",\"item\":\"http:\/\/www.accion-habitat.org\/ht\/\"},{\"@type\":\"ListItem\",\"position\":2,\"name\":\"Portfolio\",\"item\":\"http:\/\/www.accion-habitat.org\/ht\/project\/\"},{\"@type\":\"ListItem\",\"position\":3,\"name\":\"2-Fundasal\"}]}]}<\/script>\n<!-- \/ Yoast SEO plugin. -->","yoast_head_json":{"title":"2-Fundasal - Action pour l&#039;habitat | Acci\u00f3n por el h\u00e1bitat","robots":{"index":"index","follow":"follow","max-snippet":"max-snippet:-1","max-image-preview":"max-image-preview:large","max-video-preview":"max-video-preview:-1"},"canonical":"http:\/\/www.accion-habitat.org\/ht\/project\/2-fundasal\/","og_locale":"ht_HT","og_type":"article","og_title":"2-Fundasal - Action pour l&#039;habitat | Acci\u00f3n por el h\u00e1bitat","og_url":"http:\/\/www.accion-habitat.org\/ht\/project\/2-fundasal\/","og_site_name":"Action pour l&#039;habitat | Acci\u00f3n por el h\u00e1bitat","og_image":[{"width":205,"height":200,"url":"http:\/\/www.accion-habitat.org\/wp-content\/uploads\/2019\/05\/Logo-Fundasal.jpg","type":"image\/jpeg"}],"twitter_card":"summary_large_image","schema":{"@context":"https:\/\/schema.org","@graph":[{"@type":"WebSite","@id":"http:\/\/www.accion-habitat.org\/ht\/#website","url":"http:\/\/www.accion-habitat.org\/ht\/","name":"Action pour l&#039;habitat | Acci\u00f3n por el h\u00e1bitat","description":"intercambiar para cambiar | \u00e9changer pour changer","potentialAction":[{"@type":"SearchAction","target":{"@type":"EntryPoint","urlTemplate":"http:\/\/www.accion-habitat.org\/ht\/?s={search_term_string}"},"query-input":"required name=search_term_string"}],"inLanguage":"ht-HT"},{"@type":"ImageObject","@id":"http:\/\/www.accion-habitat.org\/ht\/project\/2-fundasal\/#primaryimage","inLanguage":"ht-HT","url":"http:\/\/www.accion-habitat.org\/wp-content\/uploads\/2019\/05\/Logo-Fundasal.jpg","contentUrl":"http:\/\/www.accion-habitat.org\/wp-content\/uploads\/2019\/05\/Logo-Fundasal.jpg","width":205,"height":200},{"@type":"WebPage","@id":"http:\/\/www.accion-habitat.org\/ht\/project\/2-fundasal\/#webpage","url":"http:\/\/www.accion-habitat.org\/ht\/project\/2-fundasal\/","name":"2-Fundasal - Action pour l&#039;habitat | Acci\u00f3n por el h\u00e1bitat","isPartOf":{"@id":"http:\/\/www.accion-habitat.org\/ht\/#website"},"primaryImageOfPage":{"@id":"http:\/\/www.accion-habitat.org\/ht\/project\/2-fundasal\/#primaryimage"},"datePublished":"2019-05-15T08:58:57+00:00","dateModified":"2019-05-15T08:58:57+00:00","breadcrumb":{"@id":"http:\/\/www.accion-habitat.org\/ht\/project\/2-fundasal\/#breadcrumb"},"inLanguage":"ht-HT","potentialAction":[{"@type":"ReadAction","target":["http:\/\/www.accion-habitat.org\/ht\/project\/2-fundasal\/"]}]},{"@type":"BreadcrumbList","@id":"http:\/\/www.accion-habitat.org\/ht\/project\/2-fundasal\/#breadcrumb","itemListElement":[{"@type":"ListItem","position":1,"name":"Accueil","item":"http:\/\/www.accion-habitat.org\/ht\/"},{"@type":"ListItem","position":2,"name":"Portfolio","item":"http:\/\/www.accion-habitat.org\/ht\/project\/"},{"@type":"ListItem","position":3,"name":"2-Fundasal"}]}]}},"_links":{"self":[{"href":"http:\/\/www.accion-habitat.org\/ht\/wp-json\/wp\/v2\/dt_portfolio\/838"}],"collection":[{"href":"http:\/\/www.accion-habitat.org\/ht\/wp-json\/wp\/v2\/dt_portfolio"}],"about":[{"href":"http:\/\/www.accion-habitat.org\/ht\/wp-json\/wp\/v2\/types\/dt_portfolio"}],"author":[{"embeddable":true,"href":"http:\/\/www.accion-habitat.org\/ht\/wp-json\/wp\/v2\/users\/1"}],"replies":[{"embeddable":true,"href":"http:\/\/www.accion-habitat.org\/ht\/wp-json\/wp\/v2\/comments?post=838"}],"version-history":[{"count":0,"href":"http:\/\/www.accion-habitat.org\/ht\/wp-json\/wp\/v2\/dt_portfolio\/838\/revisions"}],"wp:featuredmedia":[{"embeddable":true,"href":"http:\/\/www.accion-habitat.org\/ht\/wp-json\/wp\/v2\/media\/569"}],"wp:attachment":[{"href":"http:\/\/www.accion-habitat.org\/ht\/wp-json\/wp\/v2\/media?parent=838"}],"wp:term":[{"taxonomy":"dt_portfolio_category","embeddable":true,"href":"http:\/\/www.accion-habitat.org\/ht\/wp-json\/wp\/v2\/dt_portfolio_category?post=838"},{"taxonomy":"dt_portfolio_tags","embeddable":true,"href":"http:\/\/www.accion-habitat.org\/ht\/wp-json\/wp\/v2\/dt_portfolio_tags?post=838"}],"curies":[{"name":"wp","href":"https:\/\/api.w.org\/{rel}","templated":true}]}}

<!-- This site is optimized with the Yoast SEO plugin v17.5 - https://yoast.com/wordpress/plugins/seo/ -->
<title>2-Fundasal - Action pour l&#039;habitat | Acción por el hábitat</title>
<meta name="robots" content="index, follow, max-snippet:-1, max-image-preview:large, max-video-preview:-1" />
<link rel="canonical" href="http://www.accion-habitat.org/ht/project/2-fundasal/" />
<meta property="og:locale" content="ht_HT" />
<meta property="og:type" content="article" />
<meta property="og:title" content="2-Fundasal - Action pour l&#039;habitat | Acción por el hábitat" />
<meta property="og:url" content="http://www.accion-habitat.org/ht/project/2-fundasal/" />
<meta property="og:site_name" content="Action pour l&#039;habitat | Acción por el hábitat" />
<meta property="og:image" content="http://www.accion-habitat.org/wp-content/uploads/2019/05/Logo-Fundasal.jpg" />
	<meta property="og:image:width" content="205" />
	<meta property="og:image:height" content="200" />
<meta name="twitter:card" content="summary_large_image" />
<script type="application/ld+json" class="yoast-schema-graph">{"@context":"https://schema.org","@graph":[{"@type":"WebSite","@id":"http://www.accion-habitat.org/ht/#website","url":"http://www.accion-habitat.org/ht/","name":"Action pour l&#039;habitat | Acci\u00f3n por el h\u00e1bitat","description":"intercambiar para cambiar | \u00e9changer pour changer","potentialAction":[{"@type":"SearchAction","target":{"@type":"EntryPoint","urlTemplate":"http://www.accion-habitat.org/ht/?s={search_term_string}"},"query-input":"required name=search_term_string"}],"inLanguage":"ht-HT"},{"@type":"ImageObject","@id":"http://www.accion-habitat.org/ht/project/2-fundasal/#primaryimage","inLanguage":"ht-HT","url":"http://www.accion-habitat.org/wp-content/uploads/2019/05/Logo-Fundasal.jpg","contentUrl":"http://www.accion-habitat.org/wp-content/uploads/2019/05/Logo-Fundasal.jpg","width":205,"height":200},{"@type":"WebPage","@id":"http://www.accion-habitat.org/ht/project/2-fundasal/#webpage","url":"http://www.accion-habitat.org/ht/project/2-fundasal/","name":"2-Fundasal - Action pour l&#039;habitat | Acci\u00f3n por el h\u00e1bitat","isPartOf":{"@id":"http://www.accion-habitat.org/ht/#website"},"primaryImageOfPage":{"@id":"http://www.accion-habitat.org/ht/project/2-fundasal/#primaryimage"},"datePublished":"2019-05-15T08:58:57+00:00","dateModified":"2019-05-15T08:58:57+00:00","breadcrumb":{"@id":"http://www.accion-habitat.org/ht/project/2-fundasal/#breadcrumb"},"inLanguage":"ht-HT","potentialAction":[{"@type":"ReadAction","target":["http://www.accion-habitat.org/ht/project/2-fundasal/"]}]},{"@type":"BreadcrumbList","@id":"http://www.accion-habitat.org/ht/project/2-fundasal/#breadcrumb","itemListElement":[{"@type":"ListItem","position":1,"name":"Accueil","item":"http://www.accion-habitat.org/ht/"},{"@type":"ListItem","position":2,"name":"Portfolio","item":"http://www.accion-habitat.org/ht/project/"},{"@type":"ListItem","position":3,"name":"2-Fundasal"}]}]}</script>
<!-- / Yoast SEO plugin. -->

2-Fundasal - Action pour l&#039;habitat | Acción por el hábitat

Action pour l&#039;habitat | Acción por el hábitat

intercambiar para cambiar | échanger pour changer
