{"id":225,"date":"2019-05-15T11:06:39","date_gmt":"2019-05-15T09:06:39","guid":{"rendered":"http:\/\/www.accion-habitat.org\/project\/7-adresfem\/"},"modified":"2019-09-04T22:18:42","modified_gmt":"2019-09-04T20:18:42","slug":"7-adresfem","status":"publish","type":"dt_portfolio","link":"http:\/\/www.accion-habitat.org\/es\/project\/7-adresfem\/","title":{"rendered":"7-ADRESFEM"},"content":{"rendered":"","protected":false},"excerpt":{"rendered":"","protected":false},"author":1,"featured_media":157,"comment_status":"closed","ping_status":"closed","template":"","dt_portfolio_category":[11],"dt_portfolio_tags":[],"yoast_head":"<!-- This site is optimized with the Yoast SEO plugin v17.5 - https:\/\/yoast.com\/wordpress\/plugins\/seo\/ -->\n<title>7-ADRESFEM - Action pour l&#039;habitat | Acci\u00f3n por el h\u00e1bitat<\/title>\n<meta name=\"robots\" content=\"index, follow, max-snippet:-1, max-image-preview:large, max-video-preview:-1\" \/>\n<link rel=\"canonical\" href=\"http:\/\/www.accion-habitat.org\/es\/project\/7-adresfem\/\" \/>\n<meta property=\"og:locale\" content=\"es_ES\" \/>\n<meta property=\"og:type\" content=\"article\" \/>\n<meta property=\"og:title\" content=\"7-ADRESFEM - Action pour l&#039;habitat | Acci\u00f3n por el h\u00e1bitat\" \/>\n<meta property=\"og:url\" content=\"http:\/\/www.accion-habitat.org\/es\/project\/7-adresfem\/\" \/>\n<meta property=\"og:site_name\" content=\"Action pour l&#039;habitat | Acci\u00f3n por el h\u00e1bitat\" \/>\n<meta property=\"article:modified_time\" content=\"2019-09-04T20:18:42+00:00\" \/>\n<meta property=\"og:image\" content=\"http:\/\/www.accion-habitat.org\/wp-content\/uploads\/2019\/05\/logo-ADRESFEM-couleur.jpg\" \/>\n\t<meta property=\"og:image:width\" content=\"183\" \/>\n\t<meta property=\"og:image:height\" content=\"200\" \/>\n<meta name=\"twitter:card\" content=\"summary_large_image\" \/>\n<script type=\"application\/ld+json\" class=\"yoast-schema-graph\">{\"@context\":\"https:\/\/schema.org\",\"@graph\":[{\"@type\":\"WebSite\",\"@id\":\"http:\/\/www.accion-habitat.org\/ht\/#website\",\"url\":\"http:\/\/www.accion-habitat.org\/ht\/\",\"name\":\"Action pour l&#039;habitat | Acci\\u00f3n por el h\\u00e1bitat\",\"description\":\"intercambiar para cambiar | \\u00e9changer pour changer\",\"potentialAction\":[{\"@type\":\"SearchAction\",\"target\":{\"@type\":\"EntryPoint\",\"urlTemplate\":\"http:\/\/www.accion-habitat.org\/ht\/?s={search_term_string}\"},\"query-input\":\"required name=search_term_string\"}],\"inLanguage\":\"es\"},{\"@type\":\"ImageObject\",\"@id\":\"http:\/\/www.accion-habitat.org\/es\/project\/7-adresfem\/#primaryimage\",\"inLanguage\":\"es\",\"url\":\"http:\/\/www.accion-habitat.org\/wp-content\/uploads\/2019\/05\/logo-ADRESFEM-couleur.jpg\",\"contentUrl\":\"http:\/\/www.accion-habitat.org\/wp-content\/uploads\/2019\/05\/logo-ADRESFEM-couleur.jpg\",\"width\":183,\"height\":200,\"caption\":\"logo ADRESFEM\"},{\"@type\":\"WebPage\",\"@id\":\"http:\/\/www.accion-habitat.org\/es\/project\/7-adresfem\/#webpage\",\"url\":\"http:\/\/www.accion-habitat.org\/es\/project\/7-adresfem\/\",\"name\":\"7-ADRESFEM - Action pour l&#039;habitat | Acci\\u00f3n por el h\\u00e1bitat\",\"isPartOf\":{\"@id\":\"http:\/\/www.accion-habitat.org\/ht\/#website\"},\"primaryImageOfPage\":{\"@id\":\"http:\/\/www.accion-habitat.org\/es\/project\/7-adresfem\/#primaryimage\"},\"datePublished\":\"2019-05-15T09:06:39+00:00\",\"dateModified\":\"2019-09-04T20:18:42+00:00\",\"breadcrumb\":{\"@id\":\"http:\/\/www.accion-habitat.org\/es\/project\/7-adresfem\/#breadcrumb\"},\"inLanguage\":\"es\",\"potentialAction\":[{\"@type\":\"ReadAction\",\"target\":[\"http:\/\/www.accion-habitat.org\/es\/project\/7-adresfem\/\"]}]},{\"@type\":\"BreadcrumbList\",\"@id\":\"http:\/\/www.accion-habitat.org\/es\/project\/7-adresfem\/#breadcrumb\",\"itemListElement\":[{\"@type\":\"ListItem\",\"position\":1,\"name\":\"Accueil\",\"item\":\"http:\/\/www.accion-habitat.org\/es\/\"},{\"@type\":\"ListItem\",\"position\":2,\"name\":\"Portafolio\",\"item\":\"http:\/\/www.accion-habitat.org\/es\/project\/\"},{\"@type\":\"ListItem\",\"position\":3,\"name\":\"7-ADRESFEM\"}]}]}<\/script>\n<!-- \/ Yoast SEO plugin. -->","yoast_head_json":{"title":"7-ADRESFEM - Action pour l&#039;habitat | Acci\u00f3n por el h\u00e1bitat","robots":{"index":"index","follow":"follow","max-snippet":"max-snippet:-1","max-image-preview":"max-image-preview:large","max-video-preview":"max-video-preview:-1"},"canonical":"http:\/\/www.accion-habitat.org\/es\/project\/7-adresfem\/","og_locale":"es_ES","og_type":"article","og_title":"7-ADRESFEM - Action pour l&#039;habitat | Acci\u00f3n por el h\u00e1bitat","og_url":"http:\/\/www.accion-habitat.org\/es\/project\/7-adresfem\/","og_site_name":"Action pour l&#039;habitat | Acci\u00f3n por el h\u00e1bitat","article_modified_time":"2019-09-04T20:18:42+00:00","og_image":[{"width":183,"height":200,"url":"http:\/\/www.accion-habitat.org\/wp-content\/uploads\/2019\/05\/logo-ADRESFEM-couleur.jpg","type":"image\/jpeg"}],"twitter_card":"summary_large_image","schema":{"@context":"https:\/\/schema.org","@graph":[{"@type":"WebSite","@id":"http:\/\/www.accion-habitat.org\/ht\/#website","url":"http:\/\/www.accion-habitat.org\/ht\/","name":"Action pour l&#039;habitat | Acci\u00f3n por el h\u00e1bitat","description":"intercambiar para cambiar | \u00e9changer pour changer","potentialAction":[{"@type":"SearchAction","target":{"@type":"EntryPoint","urlTemplate":"http:\/\/www.accion-habitat.org\/ht\/?s={search_term_string}"},"query-input":"required name=search_term_string"}],"inLanguage":"es"},{"@type":"ImageObject","@id":"http:\/\/www.accion-habitat.org\/es\/project\/7-adresfem\/#primaryimage","inLanguage":"es","url":"http:\/\/www.accion-habitat.org\/wp-content\/uploads\/2019\/05\/logo-ADRESFEM-couleur.jpg","contentUrl":"http:\/\/www.accion-habitat.org\/wp-content\/uploads\/2019\/05\/logo-ADRESFEM-couleur.jpg","width":183,"height":200,"caption":"logo ADRESFEM"},{"@type":"WebPage","@id":"http:\/\/www.accion-habitat.org\/es\/project\/7-adresfem\/#webpage","url":"http:\/\/www.accion-habitat.org\/es\/project\/7-adresfem\/","name":"7-ADRESFEM - Action pour l&#039;habitat | Acci\u00f3n por el h\u00e1bitat","isPartOf":{"@id":"http:\/\/www.accion-habitat.org\/ht\/#website"},"primaryImageOfPage":{"@id":"http:\/\/www.accion-habitat.org\/es\/project\/7-adresfem\/#primaryimage"},"datePublished":"2019-05-15T09:06:39+00:00","dateModified":"2019-09-04T20:18:42+00:00","breadcrumb":{"@id":"http:\/\/www.accion-habitat.org\/es\/project\/7-adresfem\/#breadcrumb"},"inLanguage":"es","potentialAction":[{"@type":"ReadAction","target":["http:\/\/www.accion-habitat.org\/es\/project\/7-adresfem\/"]}]},{"@type":"BreadcrumbList","@id":"http:\/\/www.accion-habitat.org\/es\/project\/7-adresfem\/#breadcrumb","itemListElement":[{"@type":"ListItem","position":1,"name":"Accueil","item":"http:\/\/www.accion-habitat.org\/es\/"},{"@type":"ListItem","position":2,"name":"Portafolio","item":"http:\/\/www.accion-habitat.org\/es\/project\/"},{"@type":"ListItem","position":3,"name":"7-ADRESFEM"}]}]}},"_links":{"self":[{"href":"http:\/\/www.accion-habitat.org\/es\/wp-json\/wp\/v2\/dt_portfolio\/225"}],"collection":[{"href":"http:\/\/www.accion-habitat.org\/es\/wp-json\/wp\/v2\/dt_portfolio"}],"about":[{"href":"http:\/\/www.accion-habitat.org\/es\/wp-json\/wp\/v2\/types\/dt_portfolio"}],"author":[{"embeddable":true,"href":"http:\/\/www.accion-habitat.org\/es\/wp-json\/wp\/v2\/users\/1"}],"replies":[{"embeddable":true,"href":"http:\/\/www.accion-habitat.org\/es\/wp-json\/wp\/v2\/comments?post=225"}],"version-history":[{"count":1,"href":"http:\/\/www.accion-habitat.org\/es\/wp-json\/wp\/v2\/dt_portfolio\/225\/revisions"}],"predecessor-version":[{"id":783,"href":"http:\/\/www.accion-habitat.org\/es\/wp-json\/wp\/v2\/dt_portfolio\/225\/revisions\/783"}],"wp:featuredmedia":[{"embeddable":true,"href":"http:\/\/www.accion-habitat.org\/es\/wp-json\/wp\/v2\/media\/157"}],"wp:attachment":[{"href":"http:\/\/www.accion-habitat.org\/es\/wp-json\/wp\/v2\/media?parent=225"}],"wp:term":[{"taxonomy":"dt_portfolio_category","embeddable":true,"href":"http:\/\/www.accion-habitat.org\/es\/wp-json\/wp\/v2\/dt_portfolio_category?post=225"},{"taxonomy":"dt_portfolio_tags","embeddable":true,"href":"http:\/\/www.accion-habitat.org\/es\/wp-json\/wp\/v2\/dt_portfolio_tags?post=225"}],"curies":[{"name":"wp","href":"https:\/\/api.w.org\/{rel}","templated":true}]}}

<!-- This site is optimized with the Yoast SEO plugin v17.5 - https://yoast.com/wordpress/plugins/seo/ -->
<title>7-ADRESFEM - Action pour l&#039;habitat | Acción por el hábitat</title>
<meta name="robots" content="index, follow, max-snippet:-1, max-image-preview:large, max-video-preview:-1" />
<link rel="canonical" href="http://www.accion-habitat.org/es/project/7-adresfem/" />
<meta property="og:locale" content="es_ES" />
<meta property="og:type" content="article" />
<meta property="og:title" content="7-ADRESFEM - Action pour l&#039;habitat | Acción por el hábitat" />
<meta property="og:url" content="http://www.accion-habitat.org/es/project/7-adresfem/" />
<meta property="og:site_name" content="Action pour l&#039;habitat | Acción por el hábitat" />
<meta property="article:modified_time" content="2019-09-04T20:18:42+00:00" />
<meta property="og:image" content="http://www.accion-habitat.org/wp-content/uploads/2019/05/logo-ADRESFEM-couleur.jpg" />
	<meta property="og:image:width" content="183" />
	<meta property="og:image:height" content="200" />
<meta name="twitter:card" content="summary_large_image" />
<script type="application/ld+json" class="yoast-schema-graph">{"@context":"https://schema.org","@graph":[{"@type":"WebSite","@id":"http://www.accion-habitat.org/ht/#website","url":"http://www.accion-habitat.org/ht/","name":"Action pour l&#039;habitat | Acci\u00f3n por el h\u00e1bitat","description":"intercambiar para cambiar | \u00e9changer pour changer","potentialAction":[{"@type":"SearchAction","target":{"@type":"EntryPoint","urlTemplate":"http://www.accion-habitat.org/ht/?s={search_term_string}"},"query-input":"required name=search_term_string"}],"inLanguage":"es"},{"@type":"ImageObject","@id":"http://www.accion-habitat.org/es/project/7-adresfem/#primaryimage","inLanguage":"es","url":"http://www.accion-habitat.org/wp-content/uploads/2019/05/logo-ADRESFEM-couleur.jpg","contentUrl":"http://www.accion-habitat.org/wp-content/uploads/2019/05/logo-ADRESFEM-couleur.jpg","width":183,"height":200,"caption":"logo ADRESFEM"},{"@type":"WebPage","@id":"http://www.accion-habitat.org/es/project/7-adresfem/#webpage","url":"http://www.accion-habitat.org/es/project/7-adresfem/","name":"7-ADRESFEM - Action pour l&#039;habitat | Acci\u00f3n por el h\u00e1bitat","isPartOf":{"@id":"http://www.accion-habitat.org/ht/#website"},"primaryImageOfPage":{"@id":"http://www.accion-habitat.org/es/project/7-adresfem/#primaryimage"},"datePublished":"2019-05-15T09:06:39+00:00","dateModified":"2019-09-04T20:18:42+00:00","breadcrumb":{"@id":"http://www.accion-habitat.org/es/project/7-adresfem/#breadcrumb"},"inLanguage":"es","potentialAction":[{"@type":"ReadAction","target":["http://www.accion-habitat.org/es/project/7-adresfem/"]}]},{"@type":"BreadcrumbList","@id":"http://www.accion-habitat.org/es/project/7-adresfem/#breadcrumb","itemListElement":[{"@type":"ListItem","position":1,"name":"Accueil","item":"http://www.accion-habitat.org/es/"},{"@type":"ListItem","position":2,"name":"Portafolio","item":"http://www.accion-habitat.org/es/project/"},{"@type":"ListItem","position":3,"name":"7-ADRESFEM"}]}]}</script>
<!-- / Yoast SEO plugin. -->

7-ADRESFEM - Action pour l&#039;habitat | Acción por el hábitat

Action pour l&#039;habitat | Acción por el hábitat

intercambiar para cambiar | échanger pour changer
